{"id":668,"date":"2019-08-20T13:14:47","date_gmt":"2019-08-20T13:14:47","guid":{"rendered":"https:\/\/a8ctm1.wordpress.com\/?page_id=668"},"modified":"2019-08-20T13:14:47","modified_gmt":"2019-08-20T13:14:47","slug":"menu","status":"publish","type":"page","link":"https:\/\/staging.cedaro.com\/ovation\/menu\/","title":{"rendered":"Menu"},"content":{"rendered":"\n<p class=\"wp-block-paragraph\" style=\"text-align:left\">The menu is a mix of French&nbsp;regional cuisines, and the menu changes with the seasons.<br>Be sure to ask about the daily specials!<\/p>\n\n\n\n<div style=\"height:32px\" aria-hidden=\"true\" class=\"wp-block-spacer\"><\/div>\n\n\n\n<hr class=\"wp-block-separator\" \/>\n\n\n\n<div class=\"wp-block-group alignfull\"><div class=\"wp-block-group__inner-container is-layout-flow wp-block-group-is-layout-flow\">\n<div style=\"height:32px\" aria-hidden=\"true\" class=\"wp-block-spacer\"><\/div>\n\n\n\n<h4 class=\"has-text-align-center wp-block-heading\">Starters<\/h4>\n\n\n\n<div style=\"height:20px\" aria-hidden=\"true\" class=\"wp-block-spacer\"><\/div>\n\n\n\n<div class=\"wp-block-columns alignwide is-layout-flex wp-container-core-columns-is-layout-8f761849 wp-block-columns-is-layout-flex\">\n<div class=\"wp-block-column is-layout-flow wp-block-column-is-layout-flow\">\n<p class=\"wp-block-paragraph\"><strong>Salmon Canap\u00e9s<br><\/strong><em>Smoked salmon topped with cr\u00e8me fra\u00eeche, dill and capers<br><\/em>$15.00<\/p>\n<\/div>\n\n\n\n<div class=\"wp-block-column is-layout-flow wp-block-column-is-layout-flow\">\n<p class=\"wp-block-paragraph\"><strong>Pork Rillettes<br><\/strong><em>With quick pickle of dried apricots and pistachio crumble<br><\/em>$14.00<\/p>\n<\/div>\n\n\n\n<div class=\"wp-block-column is-layout-flow wp-block-column-is-layout-flow\">\n<p class=\"wp-block-paragraph\"><strong>Proven\u00e7al Vegetable Tart<br><\/strong><em>With seasonal vegetables<br><\/em>$12.50<\/p>\n<\/div>\n<\/div>\n\n\n\n<div class=\"wp-block-columns alignwide is-layout-flex wp-container-core-columns-is-layout-8f761849 wp-block-columns-is-layout-flex\">\n<div class=\"wp-block-column is-layout-flow wp-block-column-is-layout-flow\">\n<p class=\"wp-block-paragraph\"><strong>Mini Tartes Flamb\u00e9es<br><\/strong><em>Traditional Alsatian dish made with&nbsp;home-smoked bacon and onions<\/em><br>$12.50<\/p>\n<\/div>\n\n\n\n<div class=\"wp-block-column is-layout-flow wp-block-column-is-layout-flow\">\n<p class=\"wp-block-paragraph\"><strong>Goat&#8217;s Cheese Salad<br><\/strong><em>Served warm with honey and cro\u00fbtons<\/em><br>$12.50<\/p>\n<\/div>\n\n\n\n<div class=\"wp-block-column is-layout-flow wp-block-column-is-layout-flow\">\n<p class=\"wp-block-paragraph\"><strong>Fricass\u00e9e of Wild Mushrooms<\/strong><br><em>Braised wild mushrooms served with seaweed and liquid nitrogen<\/em><br>$14.50<\/p>\n<\/div>\n<\/div>\n\n\n\n<div style=\"height:32px\" aria-hidden=\"true\" class=\"wp-block-spacer\"><\/div>\n<\/div><\/div>\n\n\n\n<hr class=\"wp-block-separator\" \/>\n\n\n\n<div class=\"wp-block-group alignfull\"><div class=\"wp-block-group__inner-container is-layout-flow wp-block-group-is-layout-flow\">\n<div style=\"height:32px\" aria-hidden=\"true\" class=\"wp-block-spacer\"><\/div>\n\n\n\n<h4 class=\"has-text-align-center wp-block-heading\">Mains<\/h4>\n\n\n\n<div style=\"height:20px\" aria-hidden=\"true\" class=\"wp-block-spacer\"><\/div>\n\n\n\n<div class=\"wp-block-columns alignwide is-layout-flex wp-container-core-columns-is-layout-8f761849 wp-block-columns-is-layout-flex\">\n<div class=\"wp-block-column is-layout-flow wp-block-column-is-layout-flow\">\n<p class=\"wp-block-paragraph\"><strong>Coq au Vin d\u2019Alsace<br><\/strong><em>Chicken cooked in Riesling with onions, mushrooms and herbs<\/em><br>$25.50<\/p>\n<\/div>\n\n\n\n<div class=\"wp-block-column is-layout-flow wp-block-column-is-layout-flow\">\n<p class=\"wp-block-paragraph\"><strong>Bouillabaisse<\/strong><br><em>Traditional Proven\u00e7al fish stew, with shrimp, mussels, clams and monkfish<br><\/em>$26.00<\/p>\n<\/div>\n\n\n\n<div class=\"wp-block-column is-layout-flow wp-block-column-is-layout-flow\">\n<p class=\"wp-block-paragraph\"><strong>Sole Meuni\u00e8re<\/strong><br><em>Pan-fried sole in butter and served with brown butter sauce, parsley and lemon<br><\/em>$28.00<\/p>\n<\/div>\n<\/div>\n\n\n\n<div class=\"wp-block-columns alignwide is-layout-flex wp-container-core-columns-is-layout-8f761849 wp-block-columns-is-layout-flex\">\n<div class=\"wp-block-column is-layout-flow wp-block-column-is-layout-flow\">\n<p class=\"wp-block-paragraph\"><strong>C\u00f4te de Boeuf<br><\/strong><em>60 days aged rib steak, pepper sauce, fondant potatoes<br><\/em>$31.00<\/p>\n<\/div>\n\n\n\n<div class=\"wp-block-column is-layout-flow wp-block-column-is-layout-flow\">\n<p class=\"wp-block-paragraph\"><strong>Duck \u00e0 l&#8217;Orange<br><\/strong><em>Roasted duck breast with crispy skin and velvety citrus sauce<br><\/em>$26.50<\/p>\n<\/div>\n\n\n\n<div class=\"wp-block-column is-layout-flow wp-block-column-is-layout-flow\">\n<p class=\"wp-block-paragraph\"><strong>Pea and Asparagus Risotto<\/strong><br><em>With goat\u2019s cheese, rocket and baby shoot salad<br><\/em>$22.00<\/p>\n<\/div>\n<\/div>\n\n\n\n<div style=\"height:32px\" aria-hidden=\"true\" class=\"wp-block-spacer\"><\/div>\n<\/div><\/div>\n\n\n\n<hr class=\"wp-block-separator\" \/>\n\n\n\n<div class=\"wp-block-group alignfull\"><div class=\"wp-block-group__inner-container is-layout-flow wp-block-group-is-layout-flow\">\n<div style=\"height:32px\" aria-hidden=\"true\" class=\"wp-block-spacer\"><\/div>\n\n\n\n<h4 class=\"has-text-align-center wp-block-heading\">Desserts<\/h4>\n\n\n\n<div style=\"height:20px\" aria-hidden=\"true\" class=\"wp-block-spacer\"><\/div>\n\n\n\n<div class=\"wp-block-columns alignwide is-layout-flex wp-container-core-columns-is-layout-8f761849 wp-block-columns-is-layout-flex\">\n<div class=\"wp-block-column is-layout-flow wp-block-column-is-layout-flow\">\n<p class=\"wp-block-paragraph\"><strong>Chocolate Macarons<\/strong><br><em>A classic French delicacy, filled with rich chocolate ganache<br><\/em>$12.00<\/p>\n<\/div>\n\n\n\n<div class=\"wp-block-column is-layout-flow wp-block-column-is-layout-flow\">\n<p class=\"wp-block-paragraph\"><strong>Cr\u00eape Suzette<\/strong><br><em>Delicate cr\u00eape in buttery, orange sauce; served flamb\u00e9<br><\/em>$13.00<\/p>\n<\/div>\n\n\n\n<div class=\"wp-block-column is-layout-flow wp-block-column-is-layout-flow\">\n<p class=\"wp-block-paragraph\"><strong>Praline Cake<\/strong><br><em>Multi-layer praline and chocolate cake with caramel cream cheese<br><\/em>$12.00<\/p>\n<\/div>\n<\/div>\n\n\n\n<div class=\"wp-block-columns alignwide is-layout-flex wp-container-core-columns-is-layout-8f761849 wp-block-columns-is-layout-flex\">\n<div class=\"wp-block-column is-layout-flow wp-block-column-is-layout-flow\">\n<p class=\"wp-block-paragraph\"><strong>Tarte Tatin<\/strong><br><em>Sticky caramel sauce with apples, served with whipped cream<\/em><br>$12.00<\/p>\n<\/div>\n\n\n\n<div class=\"wp-block-column is-layout-flow wp-block-column-is-layout-flow\">\n<p class=\"wp-block-paragraph\"><strong>Lemon Tart<\/strong><br><em>zesty lemon tang, creamy custard and topped with meringue<\/em><br>$12.00<\/p>\n<\/div>\n\n\n\n<div class=\"wp-block-column is-layout-flow wp-block-column-is-layout-flow\">\n<p class=\"wp-block-paragraph\"><strong>Trio of Fruit<\/strong><br><em>Blueberries, strawberries, raspberries, plums and passion fruit<br><\/em>$28.00<\/p>\n<\/div>\n<\/div>\n\n\n\n<div style=\"height:32px\" aria-hidden=\"true\" class=\"wp-block-spacer\"><\/div>\n<\/div><\/div>\n\n\n\n<div style=\"height:20px\" aria-hidden=\"true\" class=\"wp-block-spacer\"><\/div>\n\n\n\n<hr class=\"wp-block-separator\" \/>\n\n\n\n<p style=\"text-align:center\" class=\"has-text-color has-foreground-light-color wp-block-paragraph\"><em>Our fish is responsibly caught from sustainable sources<\/em>.<\/p>\n","protected":false},"excerpt":{"rendered":"<p>The menu is a mix of French&nbsp;regional cuisines, and the menu changes with the seasons.Be sure to ask about the daily specials! Starters Salmon Canap\u00e9sSmoked salmon topped with cr\u00e8me fra\u00eeche, dill and capers$15.00 Pork RillettesWith quick pickle of dried apricots and pistachio crumble$14.00 Proven\u00e7al Vegetable TartWith seasonal vegetables$12.50 Mini Tartes Flamb\u00e9esTraditional Alsatian dish made with&nbsp;home-smoked [&hellip;]<\/p>\n","protected":false},"author":8,"featured_media":0,"parent":0,"menu_order":7,"comment_status":"closed","ping_status":"closed","template":"","meta":{"jetpack_post_was_ever_published":false,"footnotes":""},"class_list":["post-668","page","type-page","status-publish","entry"],"jetpack_sharing_enabled":true,"jetpack_likes_enabled":true,"_links":{"self":[{"href":"https:\/\/staging.cedaro.com\/ovation\/wp-json\/wp\/v2\/pages\/668","targetHints":{"allow":["GET"]}}],"collection":[{"href":"https:\/\/staging.cedaro.com\/ovation\/wp-json\/wp\/v2\/pages"}],"about":[{"href":"https:\/\/staging.cedaro.com\/ovation\/wp-json\/wp\/v2\/types\/page"}],"author":[{"embeddable":true,"href":"https:\/\/staging.cedaro.com\/ovation\/wp-json\/wp\/v2\/users\/8"}],"replies":[{"embeddable":true,"href":"https:\/\/staging.cedaro.com\/ovation\/wp-json\/wp\/v2\/comments?post=668"}],"version-history":[{"count":0,"href":"https:\/\/staging.cedaro.com\/ovation\/wp-json\/wp\/v2\/pages\/668\/revisions"}],"wp:attachment":[{"href":"https:\/\/staging.cedaro.com\/ovation\/wp-json\/wp\/v2\/media?parent=668"}],"curies":[{"name":"wp","href":"https:\/\/api.w.org\/{rel}","templated":true}]}}